rivative of -y**4/4 - y**3/3 + 5*y**2/2 - 10*y - 31. Suppose 0 = 7*q - 0*q + 7. Let n(o) = o - 1. Let j(a) = q*x(a) + 5*n(a). Give j(0).
5
Let t(i) = -i**3 + 5*i**2 + 7*i - 13. Let f = -5261 - -5265. What is t(f)?
31
Let r(d) = -118 + 67 - d + 50 + 62*d. Give r(0).
-1
Let d(u) be the third derivative of u**5/12 + u**4/8 + 19*u**3/3 - 90*u**2. Let z(i) = 3*i**2 + i + 20. Let r(k) = 4*d(k) - 7*z(k). What is r(7)?
-2
Suppose 4*v - 4*a - 1105 = 79, 0 = 5*v - a - 1492. Let j = v + -297. Let p(m) = -2 + 3*m**2 + m**2 - 7*m**2 + 2*m**2 + 3*m. Determine p(j).
0
Let x be (43 + -53)*(-1)/(-1 - (-18)/8). Let m(w) = -2*w + 5*w - 2*w - 6. Determine m(x).
2
Let p(q) = q + 14. Let s = 0 + 38. Suppose 3*a = s - 5. Suppose -4*f = a + 13. Determine p(f).
8
Let q(x) = 2*x**2 + 5*x - 44. Let v be (-96)/320*(-1 + -9)*(3 - 5). Give q(v).
-2
Let q = 1733 - 1729. Let r(b) = -3*b**3 + 7*b**2 - 2*b - 7. Let n(t) = 4*t**3 - 8*t**2 + 2*t + 8. Let j(v) = 2*n(v) + 3*r(v). What is j(q)?
3
Let l(y) = -y**2 + 5*y - 3. Suppose 2*b + 29 + 81 = 0. Let w(j) = j**3 + 15*j**2 - 20*j - 6. Let t be w(-16). Let f = t + b. What is l(f)?
3
Let h(s) be the second derivative of -s**5/20 + 5*s**4/12 - 13*s**3/2 + 73*s**2 + 5515*s. Calculate h(4).
6
Let h(o) = -o**3 + 5*o**2 - o - 1. Let x(f) = -f**3 + 12*f**2 - 15*f + 9. Let u be x(10). Let y = u + -56. Suppose 4*l = y*l + 5. Calculate h(l).
-6
Let k(n) = 929 + 928 - 2789 - n + 924. Give k(-3).
-5
Let i(a) = 702*a**2 - 29 - 16*a + 711*a**2 - a**3 - 1427*a**2. Calculate i(-13).
10
Suppose 3*n - 1 = -4*b, 7*b - 12*b = -n + 32. Let l(f) = 9*f**2 - 7*f + 6. Let k(q) = -16*q**2 + 13*q - 11. Let s(y) = n*l(y) + 4*k(y). What is s(6)?
-20
Let k(s) = s**2 + 6*s - 3. Let u(h) = h**3 - h**2 - h + 2. Let j(x) = -8*x**3 - 26*x**2 - 26*x - 36. Let n(a) = -j(a) - 6*u(a). Let r be n(-15). Calculate k(r).
-3
Let o = -108 + 117. Suppose 0 = 298*z - 301*z + o. Let s(g) = -3*g + 3. Determine s(z).
-6
Let h(s) = -15*s + 1. Let i(g) = -g**3 + 3*g + 1. Let u = -398 + 400. Let x be i(u). Give h(x).
16
Let h(l) = -621*l**3 - 3 - 2 + 622*l**3 - 2 - 8*l**2 - 8*l. Let i be h(9). Let c(o) = 4*o + 4*o + 137 - 138 - 5*o**i - o**3. What is c(-6)?
-13
Let s(r) = -r**3 - r - 2. Let p(f) be the second derivative of 7*f**5/20 - f**4/4 + 11*f**3/6 + 4*f**2 - 131*f. Let z(t) = p(t) + 6*s(t). What is z(3)?
11
Let r be -7 - ((-4)/2 - 0). Let p(l) = l**2 - 11. Let z be p(r). Suppose -u + 20 = -4*y, z = -3*y - u - 8. Let k(d) = -d**3 - 6*d**2 - d - 5. Give k(y).
1
Let r(m) = -m**3 + 3*m**2 - 2*m + 4. Let k(q) = q**3 - 4*q**2 + 2*q + 5. Let h be k(3). Suppose 0 = 5*v + 4*g - 15, v + h*g - 3 = -2*g. Give r(v).
-2
Let l(a) = a**3 - a**2 - 2*a - 1. Let z(c) = -c**3 - 12*c**2 + 5*c + 38. Let b be z(-10). Let p = 210 + b. Calculate l(p).
-9
Let z(y) = -y**3 - 5*y**2 - 3 + 2 + 2 + 2*y. Let h be ((-3)/(-42))/((-222)/15540). Give z(h).
-9
Let q(c) = 10*c + 72. Let m(n) = 9*n + 68. Let g(u) = 5*m(u) - 4*q(u). What is g(-10)?
2
Let r(k) = 3*k**2 - 17*k - 633. Let b be r(-12). Let o(i) = 37*i - 104. Calculate o(b).
7
Let f be 12/(-9) + 2 + 24/(-9). Let u be ((-5)/(-2))/(f/(-4)). Let p(s) = 0 + 3*s - 3 - 2*s. What is p(u)?
2
Let c(u) = -u - u**2 - 8*u**2 - 5 - 2*u**3 + u**3. Let l be (-108 - -106)*((-63)/2)/(-7). What is c(l)?
4
Let p(v) be the second derivative of -v**3/6 + 7*v**2 - 4*v. Suppose -4*a - 27 = -7*a. Let w be (-144)/8*(-3)/a. Determine p(w).
8
Let w be (-37)/2*(10/(-1))/(-5). Let m = 40 + w. Let s(a) = 7*a**2 + 13*a + 7. Let n(q) = -4*q**2 - 6*q - 3. Let h(b) = m*s(b) + 5*n(b). Determine h(-8).
-2
Let s(p) = -p**2. Let i(r) = -r**2 - 9*r + 4. Let y(h) = i(h) - 2*s(h). Let w(x) = x**3 - 96*x**2 + 44*x - 4217. Let c be w(96). Determine y(c).
-10
Let v(i) = 14*i**3 + 39*i**2 + 25*i - 21. Let z(o) = -5*o**3 - 13*o**2 - 8*o + 7. Let w(u) = 6*v(u) + 17*z(u). Let b be (-115)/((-90)/18) + 3*-3. What is w(b)?
-7
Let m(w) be the first derivative of -w**4/4 - w**3 + 5*w**2/2 - 1. Let c(f) = 10*f. Let z be c(1). Let u = z + -14. Calculate m(u).
-4
Let r(h) = h + 2. Suppose -4*z + 46 = -3*y, 0 = 2*y + 2 + 2. Suppose 3*n - 4 = n + 5*u, 5*n + u - z = 0. Let w be (-1 - (n - 9)) + 0. Determine r(w).
8
Suppose 8*i - 4*i + 16 = 0. Let b be (-4)/(-8) - 138/i. Suppose b = -14*j + 9*j. Let n(f) = f + 2. What is n(j)?
-5
Let n(l) = -4*l + 89. Let u = 2598 + -2598. What is n(u)?
89
Let v(q) be the first derivative of q**3 - q**2 - 3*q - 26. Let l(y) = 4*y**2 - y - 3. Suppose 3*n = -8 - 4. Let j(k) = n*l(k) + 5*v(k). Determine j(-5).
2
Let l = 10311 + -10313. Let p(j) = 75*j + 150. Determine p(l).
0
Suppose h = -3*t + 8, -5*h - 121 = -t - 81. Let x(z) = z**3 + 10*z**2 + 26*z + 22. Calculate x(h).
-13
Let n(v) = -2*v**3 - 3*v**2 + 26*v + 57. Let g be n(-3). Let m(b) = b**2 - 2*b - 8. Calculate m(g).
16
Suppose -8*v + 20 = -4. Let a(q) = 28*q + 1. Let o(u) = 12*u. Let k(r) = a(r) - 2*o(r). Give k(v).
13
Suppose 7284*x = 7276*x - 32. Let k(d) = -2*d**2 + 5*d - 4. Calculate k(x).
-56
Let w(a) = 18*a**2 + a + 1. Let m(u) = 10*u - 12. Let j be m(3). Suppose -14*g = -j*g - 4. Give w(g).
18
Let u(h) be the second derivative of h**4/12 - h**3 + 13*h**2 + 197*h. What is u(8)?
42
Let j(o) = 7*o**2 + 1. Let z(k) = -k**3 + 22*k**2 - 42*k + 39. Suppose -6*x - 7 = -127. Let c be z(x). Calculate j(c).
8
Let o = -2731 - -2726. Let m(g) = g**2 + 4*g - 4. Determine m(o).
1
Let l(z) = -z**3 - 2*z**2 + 6*z + 4. Let d be l(-4). Let h(b) = -d*b - 2*b**2 + 13*b + 5*b**2. Let k(n) = n**2 - 11*n - 43. Let i be k(14). Give h(i).
2
Let z be ((-51)/(-9) - 5)*18/4. Let o be (z - 6)*(-1)/(-2)*2. Let m(w) = -2*w + w + 3*w + w. Calculate m(o).
-9
Let o(m) be the first derivative of -m**4/4 + 3*m - 244. Let k(p) = -7*p**3 + 6*p**2 - 3*p + 14. Let n(d) = -k(d) + 6*o(d). Calculate n(5).
-6
Let w = -5 - -5. Let r(d) = 3*d - 28. Let m be r(10). Let t(c) = -c + c**m + 2*c + 9 - 29. Give t(w).
-20
Let g be (36/72)/((-2)/(-8)). Suppose -3*m - 2*q + 16 = -0*q, q + 14 = 4*m. Let u(a) = 11*a + a - a - a**2 - g - m*a. What is u(6)?
4
Let z(p) = -3*p - 1. Let h(j) = 14*j - 5. Suppose -4*q - 9*m + 4 = -5*m, -2*q + 12 = 4*m. Let y(b) = q*z(b) - h(b). Calculate y(5).
-1
Let u(x) = -x + 130. Let i(f) = -4*f. Let d(l) = 8*i(l) - u(l). Give d(-4).
-6
Let s(v) = -v**2 - 2*v - 3. Let o(d) = 3*d**2 - 2*d + 3. Let r(y) = o(y) + 2*s(y). What is r(6)?
-3
Let u = -251 - -255. Let b(m) = m**3 - 5*m**2 - m + 8. Determine b(u).
-12
Let v(p) be the third derivative of p**4/24 + 11*p**3/6 + 3*p**2 - 3*p + 18. Suppose s + 2 = 0, -5*y + 8*s = 3*s + 55. Give v(y).
-2
Let o(a) be the first derivative of a**6/120 + a**5/60 - 2*a**3 + a**2/2 + 33*a - 66. Let b(n) be the second derivative of o(n). Determine b(0).
-12
Let c(x) = x**3 + 9*x**2 - 11*x - 3. Let o be (-4)/(-7) - (-1452)/154. Suppose -o*p + 9 = -11*p. Let u = -19 - p. What is c(u)?
7
Let q(j) = j**3 + j**2 - j - 11. Suppose 9*i = -638 + 206. Let c be i/(-21) + -2 - (-8)/(-28). Suppose -p + 4*d - 8 = c, -2*d + 4 = -p + 5*p. Calculate q(p).
-11
Suppose -30*a - 210 = -32*a. Let f(b) = -105*b - 1 - a*b + 1 + 208*b. Give f(2).
-4
Let v be (-1450)/30 + (-8)/(-6). Let b = 77 + v. Suppose -x = -6*x + b. Let o(g) = -g**2 + 5*g. Determine o(x).
-6
Let b be (-64)/24 + 1 - (-33)/9. Suppose -2*a = -3*k - 3*a + 10, -5*a = 4*k - 17. Suppose t = -k - b. Let x(f) = -f**2 - 4*f - 2. Determine x(t).
-7
Let g(b) = -b**2 - 4*b + 2. Let j(w) = -w**2 - 38*w - 264. Let s be j(-27). Suppose 15 = 38*h - s*h. Give g(h).
-19
Let d(o) = o - 8. Let z(h) = -h**2 - 29*h - 36. Let b be z(-28). Let f be (-10)/b + (65/(-20) - 4). Calculate d(f).
-14
Suppose -4*b = v + 13, 3*v - 8*v = 3*b + 14. Let i(x) = x + 10. What is i(b)?
7
Let w = 4 + 1. Let b(t) = -7*t**3 - t**2 + t. Let j(x) = -8*x**3 - 2*x**2 + x. Let u(q) = 7*b(q) - 6*j(q). What is u(w)?
5
Let x(g) be the first derivative of g**4/4 - 8*g**3/3 + 3*g**2/2 + 25*g + 3413. Give x(7).
-3
Let x(s) be the third derivative of s**5/20 - 2*s**2 - 70. Let j(k) = -10*k**2 + 9*k - 6. Let o(y) = j(y) + 3*x(y). Determine o(9).
-6
Let y(f) = -10*f - f**3 + 497*f**2 + 820*f**2 - 1328*f**2 - 6. Suppose -2*a = a + 30. Calculate y(a).
-6
Let p = -173778 - -173787. Let w(y) = -y**3 - 11*y**2 - 3*y + 2. Let a(m) = 3*m**3 + 23*m**2 + 7*m - 5. Let k(j) = 2*a(j) + 5*w(j). Determine k(p).
-9
Suppose -19*t - 12